1*v**3 + v**2 + 2*v + 1. Calculate y(-1).
-31
Let d(b) = -b**2 + 6*b + 5. Determine d(8).
-11
Let s(q) = -q**3 - q**2 + q - 1. Determine s(-3).
14
Let d(c) = 2*c**3 + 11*c**2 + 17*c + 18. Give d(-4).
-2
Let h(t) = 2*t**2 - 6*t. Give h(7).
56
Let g(i) = i**2 - 26*i + 6. Determine g(26).
6
Let s(z) = -15*z + 78. Determine s(5).
3
Let l(t) = -2*t**3 + 25*t**2 - 13*t + 9. Calculate l(12).
-3
Let n(m) = -2*m**2 - 7*m - 5. Determine n(-4).
-9
Let q(a) = 3*a + 2. Determine q(-6).
-16
Let i(h) = 2*h**2 - 16*h - 27. Calculate i(9).
-9
Let h(v) = -97*v + 1354. Determine h(14).
-4
Let b(r) = r - 9. Determine b(-9).
-18
Let k(i) = i**2 + 27*i + 57. Give k(-25).
7
Let t(c) = -2*c**2 + 10*c + 5. Determine t(5).
5
Let l(h) = -2*h + 54. Determine l(24).
6
Let n(a) = -10*a**2 - 8*a + 1. Give n(-2).
-23
Let o(q) = -8*q - 25. Calculate o(5).
-65
Let n(y) = -6*y + 151. Give n(25).
1
Let a(i) = -i**3 + 29*i**2 - 52*i - 49. Give a(27).
5
Let y(n) = -n**3 + 5*n**2 + 14*n + 10. Give y(7).
10
Let r(t) = 3*t**2 + 18*t + 31. Give r(-6).
31
Let j(w) = -w**3 + 11*w**2 - 16*w + 58. Give j(10).
-2
Let m(l) = l**2 + 4. Calculate m(5).
29
Let q(m) = -16*m - 2. Determine q(-2).
30
Let y(j) = -j**2 + 107*j - 691. Determine y(7).
9
Let j(h) = 6*h**3 + h**2 + 2*h + 1. Give j(-1).
-6
Let f(s) = -s**3 - 9*s**2 - 20*s + 1. Calculate f(-5).
1
Let s(j) = j. Give s(-4).
-4
Let z(n) = 6*n - 27. Determine z(4).
-3
Let b(j) = 3*j - 5. What is b(0)?
-5
Let b(d) = -3*d**2 - 4*d - 1. Give b(-3).
-16
Let p(z) = 2*z**2 - 3*z - 29. Give p(4).
-9
Let c(o) = -o**2 - o - 6. Give c(6).
-48
Let l(g) = -g**3 + 9*g**2 - 2*g. What is l(8)?
48
Let u(c) = 2*c + 14. Give u(4).
22
Let p(u) = u**3 - 6*u**2 - 17*u + 5. Give p(-3).
-25
Let v(b) = 3*b + 63. What is v(-15)?
18
Let r(c) = c**2 + 12*c + 61. Determine r(-5).
26
Let s(q) = -6*q - 36. Determine s(-14).
48
Let u(p) = -42*p - 48. Give u(-3).
78
Let v(p) = -p**3 - 2*p**2 + 1. Calculate v(-2).
1
Let d(p) = -p**2 + 3. Calculate d(-3).
-6
Let c(a) = 2*a + 4. Calculate c(-7).
-10
Let i(d) = 120*d - 714. Calculate i(6).
6
Let s(b) = b**2 - b - 32. Give s(7).
10
Let a(k) = -32*k - 41. Determine a(-1).
-9
Let m(l) = -l**3 + 6*l**2 - l - 3. Determine m(4).
25
Let b(s) = s**3 - 40*s**2 - 43*s + 88. Calculate b(41).
6
Let x(g) = 2*g**2 - 55*g + 26. Give x(27).
-1
Let w(y) = 11*y - 31. What is w(3)?
2
Let n(u) = -u**2 + 5. Determine n(4).
-11
Let t(x) = x**3 - 3*x**2 - 7*x + 1. Determine t(4).
-11
Let i(l) = -2*l**2 - 2*l + 8. Determine i(4).
-32
Let c(s) = -3*s**2 - 17*s + 21. Determine c(-8).
-35
Let i(k) = 2*k - 16. Calculate i(7).
-2
Let s(q) = -6*q**2 + 7*q - 2. Give s(1).
-1
Let x(f) = -3*f**2 - 25*f + 16. Calculate x(-9).
-2
Let o(k) = k**2 - 22*k - 79. Give o(25).
-4
Let a(x) = 4*x**2 + 2*x + 1. Give a(0).
1
Let j(m) = -3*m - 3. Calculate j(-2).
3
Let x(r) = 5*r - 70. Give x(12).
-10
Let t(m) = 2*m**3 + m**2 - 1. Determine t(2).
19
Let g(o) = -o - 3. Give g(-4).
1
Let o(w) = w + 5. Calculate o(7).
12
Let k(q) = -q**3 - 2*q**2 - q + 3. Give k(-3).
15
Let r(i) = 2*i**2 - 19*i + 36. What is r(2)?
6
Let l(i) = -i**3 - 9*i**2 - 8*i + 12. Calculate l(-8).
12
Let n(d) = -6*d + 38. What is n(11)?
-28
Let f(s) = 2*s**3 + 2*s**2 + 2*s + 1. Determine f(-1).
-1
Let f(v) = -2*v**2. Give f(-2).
-8
Let r(u) = 18*u**2 - 69*u - 9. Calculate r(4).
3
Let w(x) = 8*x. Calculate w(-1).
-8
Let z(j) = 2*j**2 + 5*j - 2. What is z(-3)?
1
Let r(u) = 31*u - 9. Give r(3).
84
Let f(o) = o**2 + 10*o. Give f(-11).
11
Let m(g) = 13*g - 172. What is m(13)?
-3
Let m(z) = 5*z**3 + 3*z**2 + 13*z + 12. Determine m(-1).
-3
Let k(i) = i**2 + i + 17. Give k(-8).
73
Let b(q) = 50*q - 297. Calculate b(6).
3
Let k(b) = 40*b + 117. Determine k(-3).
-3
Let o(g) = -g**2 + 8*g + 13. Calculate o(10).
-7
Let p(f) = -f**3 + 19*f**2 - 20*f + 34. Determine p(18).
-2
Let o(f) = f**3 + 7*f**2 + 4*f + 17. Calculate o(-5).
47
Let v(q) = -23*q - 82. What is v(-3)?
-13
Let n(i) = i**2 - 16*i - 131. Give n(-6).
1
Let l(w) = 6*w**3 + 4*w**2 + w - 2. Determine l(-1).
-5
Let t(l) = l. What is t(-2)?
-2
Let w(b) = -b**3 + 8*b**2 - 4*b + 3. Determine w(7).
24
Let x(m) = -m**3 - 10*m**2 + 15*m + 28. Calculate x(-11).
-16
Let m(h) = h**2 - 33*h - 51. Give m(34).
-17
Let j(u) = u**3 + 18*u**2 + 17*u + 9. Calculate j(-17).
9
Let c(k) = -k**2 - 6*k - 20. Calculate c(-10).
-60
Let c(w) = -2*w**3 + 19*w**2 + 34*w - 26. Give c(11).
-15
Let x(s) = 2*s**2 - 8*s - 2. What is x(5)?
8
Let w(i) = -i**3 - 17*i**2 - 22*i - 23. Calculate w(-16).
73
Let z(x) = -x**2 - 5. Determine z(-3).
-14
Let f(a) = -a**3 - 10*a**2 - 8*a + 17. Determine f(-9).
8
Let z(y) = 50*y**2 + 2*y - 2. Give z(1).
50
Let o(f) = -3*f**3 + 7*f**2 + 9*f + 4. What is o(5)?
-151
Let v(m) = 3*m + 63. Determine v(-23).
-6
Let u(r) = -r - 14. Determine u(9).
-23
Let x(r) = 5*r - 79. Give x(14).
-9
Let k(v) = -v - 11. What is k(-6)?
-5
Let d(j) = 7*j + 161. Calculate d(-29).
-42
Let h(q) = q**3 - 15*q**2 + 31*q + 13. Give h(12).
-47
Let v(x) = 11*x + 24. Give v(6).
90
Let n(h) = 22*h - 9. Give n(-5).
-119
Let m(h) = 3*h - 7. Calculate m(4).
5
Let f(o) = -o**3 - 15*o**2 + 15*o - 17. What is f(-16)?
-1
Let t(m) = -15*m**3 - m**2 + 1. Calculate t(1).
-15
Let s(u) = -10*u**2 - 62*u - 5. Calculate s(-6).
7
Let k(i) = i**2 + 16*i - 518. Calculate k(-32).
-6
Let h(z) = -2*z**3 + 3*z**2 + z - 7. What is h(3)?
-31
Let n(g) = g**3 - 9*g**2 - 8*g + 38. Calculate n(9).
-34
Let d(k) = -k. What is d(1)?
-1
Let p(w) = -4*w**2 + 60*w + 20. Determine p(15).
20
Let y(n) = -n**3 - 6*n**2 + 11*n + 16. What is y(-7)?
-12
Let w(r) = -r**2 + 8*r - 2. Determine w(8).
-2
Let j(v) = -4*v**2 + 11*v + 3. Calculate j(3).
0
Let d(r) = r + 5. Calculate d(-6).
-1
Let i(n) = -2*n**2 - 4*n - 15. Calculate i(-3).
-21
Let u(h) = 7*h - 33. Give u(4).
-5
Let k(z) = z**3 - 16*z**2 - z + 20. Calculate k(16).
4
Let f(n) = n**3 - 7*n**2 + 7*n - 6. Determine f(4).
-26
Let r(d) = 2*d**3 - 4*d**2 + 5*d - 6. What is r(2)?
4
Let n(m) = m + 8. Give n(-4).
4
Let l(h) = -79*h - 3. What is l(1)?
-82
Let n(i) = 9*i - 22. Determine n(3).
5
Let o(l) = 41*l - 7. Determine o(5).
198
Let v(z) = -3*z**2 - 8*z + 12. Calculate v(2).
-16
Let z(b) = b**3 - 3*b**2 + b. Give z(4).
20
Let z(g) = g**2 - 6. Give z(4).
10
Let b(q) = q + 1. Calculate b(-2).
-1
Let n(m) = 6*m**2 - 3*m + 3. What is n(2)?
21
Let p(r) = -r**2 + 8*r - 14. Give p(4).
2
Let s(k) = -k**3 - 4*k**2 - 4. What is s(-4)?
-4
Let b(q) = 2*q**3 - 7*q**2 + 2*q - 7. Give b(3).
-10
Let p(m) = 6*m - 20. Give p(4).
4
Let f(g) = g**3 + 3*g + 4. What is f(4)?
80
Let j(m) = m**2 + 17*m + 24. Determine j(-17).
24
Let a(f) = -9*f + 115. Calculate a(12).
7
Let h(k) = k**3 + 4*k**2 + k + 3. Determine h(-3).
9
Let r(m) = m**2 + 13*m + 30. What is r(-9)?
-6
Let i(u) = -2*u - 19. Calculate i(-7).
-5
Let j(q) = -q - 46. Give j(-15).
-31
Let u(q) = -30*q + 185. Give u(6).
5
Let x(a) = 10*a**3 + a**2 - 2*a - 9. Determine x(-2).
-81
Let t(g) = g**2 - 7*g - 3. Give t(5).
-13
Let t(y) = y**2 - 16*y - 21. Give t(14).
-49
Let u(a) = -2*a + 9. Calculate u(17).
-25
Let c(b) = b**3 + b**2 + 6. Give c(0).
6
Let n(y) = -2*y**2. Determine n(-2).
-8
Let q(y) = -y - 2. Calculate q(4).
-6
Let h(w) = 2*w**3 - 14*w**2 + 12*w - 19. What is h(7)?
65
Let t(a) = 10*a - 150. What is t(16)?
10
Let d(j) = -j**2 - 13*j - 6. Calculate d(-14).
-20
Let p(q) = q**2 + 7*q + 4. Give p(-7).
4
Let y(x) = x**2 - 2*x + 5. Determine y(2).
5
Let v(m) = -m**2 + 23*m + 58. Give v(20).
118
Let s(x) = x**2 + 18*x + 35. What is s(-2)?
3
Let m(r) = -r**3 - 18*r**2 + 18*r - 37. Give m(-19).
-18
Let v(b) = 8*b + 31. What is v(-4)?
-1
Let w(i) = -103*i**3 - 1. Calculate w(1).
-104
Let q(o) = 3*o + 30. What is q(-11)?
-3
Let w(y) = -2*y**3 + 5*y**2 + y + 6. Calculate w(3).
0
Let k(l) = -6*l**2 + 2*l - 1. Give k(0).
-1
Let b(x) = -54*x + 5. Give b(0).
5
Let n(u) = -u**3 - 18*u**2 - 31*u - 1. Calculate n(-16).
-17
Let q(b) = -6*b - 18. Give q(-9).
36
Let h(u) = u**2 + 11*u + 27. Determine h(-6).
-3
Let a(z) = -z**3 + 4*z**2 + 10*z + 7. Calculate a(6).
-5
Let m(c) = 4*c - 5. What is m(2)?
3
Let d(q) = q**3 + 9*q**2 + 4*q - 3. Give d(-8).
29
Let l(k) = k**3 - 33*k**2 + 2*k - 79. Determine l(33).
-13
Let n(q) = -q**3 + 37*q**2 + 39*q - 40. What is n(38)?
-2
Let q(t) = -t**3 + 4*t**2 + t - 2. Give q(3).
10
Let j(y) = y**3 - 7*y + 13. 